x - 6. Determine p(-7).
8
Let f(m) = -60*m + 110. Give f(2).
-10
Let c(t) = -3*t - 48. Determine c(-19).
9
Let x(l) = -24*l + 20. What is x(1)?
-4
Let x(p) = -4*p**2 - 5*p - 11. Give x(-2).
-17
Let w(k) = 3*k**2 + k + 5. Calculate w(-2).
15
Let k(n) = -19*n**2 - n + 1. Determine k(1).
-19
Let k(b) = -b**3 - 12*b**2 - 20*b - 2. Give k(-10).
-2
Let m(k) = -k**3 + 7*k**2 - 5*k - 6. What is m(5)?
19
Let d(y) = y**3 + 8*y**2 + 7*y + 6. Determine d(-7).
6
Let n(l) = l**3 - l**2 + 7. Determine n(0).
7
Let u(y) = y**3 + 13*y**2 + 8*y + 10. Determine u(-12).
58
Let a(l) = 12*l - 61. Calculate a(8).
35
Let t(p) = 6*p - 117. Calculate t(20).
3
Let i(v) = 81*v**2 + 3*v. Calculate i(1).
84
Let l(y) = y**2 - y - 6. Give l(5).
14
Let q(i) = 3*i**2 + 15*i - 43. Determine q(-6).
-25
Let g(v) = 8*v + 153. What is g(-19)?
1
Let h(o) = o**2 - 6*o + 4. Determine h(5).
-1
Let t(d) = -2*d**2 + 18*d + 14. Calculate t(10).
-6
Let v(d) = -d**2 + 10*d - 18. What is v(7)?
3
Let q(f) = -2*f**3 + 14*f**2 + 13*f - 90. Give q(7).
1
Let c(b) = -b**2 + 2*b. Give c(5).
-15
Let o(g) = g**3 + 6*g**2 - 5*g - 10. Give o(-7).
-24
Let f(p) = p + 8. Give f(-6).
2
Let y(t) = -t**2 + 6*t - 1. Determine y(11).
-56
Let j(n) = -n**3 + 8*n**2 - 9*n - 8. Give j(5).
22
Let c(k) = 46*k. What is c(1)?
46
Let g(b) = -b**2 + 7*b + 14. What is g(8)?
6
Let y(c) = c**2 + 2*c + 3. Determine y(0).
3
Let k(f) = f**3 + f**2 + 2*f - 137. Determine k(0).
-137
Let x(y) = 4*y**2 - 12. What is x(0)?
-12
Let o(i) = 59*i**3 + 1. Give o(1).
60
Let v(f) = f + 1. Give v(1).
2
Let r(g) = g**3 - 7*g**2 + 7*g. Give r(6).
6
Let h(x) = -x**3 + x**2 - x + 6. Give h(0).
6
Let f(d) = -d**2 - 10*d + 16. Calculate f(-10).
16
Let u(v) = 4*v**3 - 12*v**2 - 9*v + 10. Give u(4).
38
Let g(c) = -c + 22. What is g(-6)?
28
Let p(a) = 25*a. Determine p(-3).
-75
Let h(u) = u**3 + 5*u**2. Determine h(-6).
-36
Let s(d) = 68*d - 3. Give s(1).
65
Let p(d) = -6*d + 32. Give p(-15).
122
Let u(b) = 3*b + 25. Determine u(-11).
-8
Let g(j) = j**3 - 17*j**2 - 38*j - 13. Calculate g(19).
-13
Let o(f) = -f**3 - 5*f**2 - 5*f + 1. Calculate o(-4).
5
Let b(w) = w**3 + 2*w**2 + 4*w + 3. Calculate b(-3).
-18
Let a(s) = -6*s**3 - 4*s**2 - 5*s - 2. Give a(-1).
5
Let g(y) = y**3 + 10*y**2 - 43*y - 35. Give g(-13).
17
Let b(p) = 8*p - 9. Calculate b(-6).
-57
Let j(o) = -28*o - 338. What is j(-12)?
-2
Let a(r) = -r - 2. Give a(11).
-13
Let b(f) = f**3 + f**2 + 2*f - 1. Give b(0).
-1
Let n(m) = -m**2 + 4*m + 12. What is n(6)?
0
Let f(o) = o**3 - 12*o**2 - 20*o + 13. Give f(13).
-78
Let m(p) = p**3 + 12*p**2 - 11*p + 32. What is m(-13)?
6
Let z(u) = 4*u**3 + 22*u**2 - 9*u + 12. What is z(-6)?
-6
Let l(a) = 7*a + 10. Calculate l(0).
10
Let j(r) = 44*r**2. Determine j(1).
44
Let k(p) = -p - 13. Calculate k(-6).
-7
Let h(v) = v**3 + 8*v**2 + 5*v - 9. Calculate h(-7).
5
Let b(l) = -6*l + 7. Determine b(-6).
43
Let j(d) = d**3 - 7*d**2 + 4*d + 18. What is j(6)?
6
Let p(f) = 6*f + 30. What is p(-7)?
-12
Let r(h) = h**3 + 36*h**2 - 74*h + 62. Calculate r(-38).
-14
Let i(y) = 25*y**2. Determine i(-1).
25
Let y(q) = -3*q**2 + 14*q + 18. Determine y(6).
-6
Let n(w) = -w**2 - 10*w + 3. What is n(-11)?
-8
Let c(t) = t**3 + 11*t**2 + 23*t + 49. Determine c(-9).
4
Let j(r) = r - 13. What is j(12)?
-1
Let w(q) = -30*q - 135. What is w(-5)?
15
Let q(i) = -i - 12. Determine q(15).
-27
Let b(h) = 4*h**2 - 10*h + 14. What is b(3)?
20
Let w(x) = x**3 - 4*x**2 - 2*x + 2. Determine w(2).
-10
Let x(w) = 12*w. Determine x(1).
12
Let n(d) = 3*d + 21. Calculate n(-7).
0
Let i(t) = -16*t - 41. What is i(-2)?
-9
Let x(g) = -2*g + 12. Calculate x(11).
-10
Let i(f) = -9*f**3 - 3*f + 3. Give i(1).
-9
Let q(k) = -3*k**3 + 29*k**2 - 12*k - 11. Determine q(9).
43
Let u(s) = s**3 + 6*s**2 + 4*s - 13. Calculate u(-4).
3
Let t(d) = -2*d**3 + 4*d**2 + 3*d + 6. Calculate t(3).
-3
Let z(d) = -2*d**2 - 11*d - 1. Determine z(-1).
8
Let g(c) = 2*c**2 - 6*c - 1. Determine g(-3).
35
Let o(i) = i**3 - 8*i**2 - 11*i + 17. Calculate o(9).
-1
Let a(d) = d**2 - 24*d + 23. What is a(23)?
0
Let i(u) = 2*u**3 - 4*u**2 + 4*u - 2. Give i(2).
6
Let h(u) = 2*u**2 + 7*u + 22. Calculate h(-6).
52
Let t(k) = 2*k**3 - 2*k**2 + 4*k + 7. Determine t(-3).
-77
Let n(p) = -16*p + 107. Determine n(7).
-5
Let s(b) = -b**3 - 27*b**2 + 26*b - 50. Calculate s(-28).
6
Let r(y) = 77*y**3 + 2*y**2 - 1. What is r(-1)?
-76
Let q(u) = -22*u - 24. Give q(-3).
42
Let x(a) = -8*a**2 + 4*a + 10. Give x(-2).
-30
Let f(z) = -16*z + 65. Determine f(3).
17
Let i(l) = -l**2 + 13*l + 10. What is i(14)?
-4
Let i(m) = 6*m**3 - m. Calculate i(1).
5
Let s(d) = 12*d + 108. What is s(-9)?
0
Let x(g) = 2*g**3 + 9*g**2 + 15*g + 1. Calculate x(-4).
-43
Let k(l) = 2*l**2 + 3*l - 130. Calculate k(-9).
5
Let m(v) = -v**2 + v - 4. What is m(0)?
-4
Let g(p) = p**3 - 3*p**2 - 8*p - 11. Calculate g(5).
-1
Let p(f) = 2*f**3 - 9*f**2 - 34*f - 4. Calculate p(7).
3
Let n(u) = 3*u - 24. Give n(-11).
-57
Let d(p) = p**3 - 6*p**2 + 3*p - 9. What is d(4)?
-29
Let y(l) = 4*l + 48. Calculate y(-14).
-8
Let d(p) = -6*p**3 + 2*p**2 - p + 7. What is d(3)?
-140
Let v(a) = -3*a + 16. Calculate v(10).
-14
Let w(r) = -r + 15. What is w(0)?
15
Let z(v) = -v**3 + 9*v**2 + 2*v - 9. Determine z(9).
9
Let t(w) = w**2 + 4*w - 3. Calculate t(5).
42
Let i(x) = -11*x + 184. Give i(14).
30
Let o(n) = -n**3 - 6*n**2 - 7*n - 9. Determine o(-5).
1
Let q(i) = i**2 + 4*i - 1. Give q(-5).
4
Let y(n) = 4*n + 4. What is y(-8)?
-28
Let h(a) = a**3 - 9*a**2 - 11*a + 2. What is h(10)?
-8
Let l(p) = p**2 - 6*p + 1. Determine l(3).
-8
Let y(u) = -u**3 + u**2 + u - 4. Determine y(2).
-6
Let m(r) = 2*r**3 + r**2 - 5*r. Calculate m(-3).
-30
Let o(i) = 2*i**3 - 18*i**2 + 2*i - 15. Determine o(9).
3
Let q(n) = n**3 + 11*n**2 + 12*n. Give q(-10).
-20
Let a(o) = 12*o + 92. Determine a(-4).
44
Let w(n) = -n**3 + 8*n**2 - 2*n + 1. Give w(6).
61
Let r(u) = -u**3 - u**2 + 6*u + 3. Give r(-2).
-5
Let s(w) = -11*w - 132. What is s(-13)?
11
Let g(p) = p**3 - 9*p**2 + 9*p - 10. Calculate g(8).
-2
Let x(q) = -q**3 - 6*q**2 - 7*q + 4. Give x(-5).
14
Let a(n) = -n**2 - 2*n + 4. Give a(-4).
-4
Let k(v) = -v**3 - 12*v**2 - 19*v + 13. Calculate k(-10).
3
Let c(a) = a**2 + 8*a + 22. Give c(-5).
7
Let m(j) = -17*j - 228. Calculate m(-14).
10
Let r(z) = 3*z**2 - 24*z + 4. What is r(8)?
4
Let c(s) = 2*s - 2. What is c(-1)?
-4
Let z(r) = 4*r - 45. Give z(11).
-1
Let w(y) = 6*y - 9. Give w(2).
3
Let f(u) = -2*u + 24. Determine f(9).
6
Let y(j) = 9*j - 80. Calculate y(8).
-8
Let j(v) = v**2 - 12*v - 28. Determine j(13).
-15
Let y(f) = 10*f + 2. Give y(2).
22
Let q(a) = 13*a - 108. What is q(11)?
35
Let u(a) = -a**3 - 23*a**2 - 23*a - 18. What is u(-22)?
4
Let c(f) = f**2 + 5*f - 16. Determine c(-11).
50
Let r(o) = o**3 + 6*o**2 + o + 34. Determine r(0).
34
Let d(z) = z**3 - 13*z**2 - 2*z - 28. What is d(13)?
-54
Let y(z) = 8*z**2 + 97*z + 10. What is y(-12)?
-2
Let q(j) = 20*j - 712. Determine q(36).
8
Let c(x) = 2*x**2 + 20*x + 4. Calculate c(-10).
4
Let o(u) = u - 3. Give o(4).
1
Let q(g) = -g**3 - 14*g**2 + 37*g + 52. Calculate q(-16).
-28
Let i(f) = -f + 4. What is i(-8)?
12
Let g(m) = m**3 - m**2 + 6*m - 5. What is g(0)?
-5
Let t(d) = -3*d - 12. Calculate t(-3).
-3
Let r(v) = -6*v + 40. Give r(-3).
58
Let a(r) = 6*r - 1. What is a(2)?
11
Let t(o) = -6*o - 79. What is t(-14)?
5
Let q(c) = c**2 - 19*c + 87. Give q(11).
-1
Let z(i) = -4*i + 30. Calculate z(5).
10
Let b(q) = 10*q**2 - q + 4. Calculate b(2).
42
Let w(n) = n**2 - 8*n + 13. Determine w(11).
46
Let u(z) = 2*z - 19. Give u(8).
-3
Let b(c) = -34*c - 78. Determine b(-3).
24
Let a(j) = 18*j**2 - 2*j - 1. Give a(-1).
19
Let t(d) = -19*d - 94. Give t(-5).
1
Let b(d) = 5*d + 6. Calculate b(-3).
-9
Let a(c) = -c - 3. What is a(1)?
-4
Let t(o) = -o**3 - 7*o**2 + 5*o + 3. Calculate t(-7).
-32
Let s(a) = 42*a - 460. Determine s(11).
2
Let w(o) = o**2 + 6*o + 4. Determine w(-5).
-1
Let d(z) = -4*z**3 - z**2 - 5*z - 4. Calculate d(-1).
4
Let p(m) = m**2 - 3*m + 1. What is p(4)?
5
Let a(n) = 11*n + 6. Determine a(-1).
-5
Let o(t) = -3*t - 104. Give o(-27).
-23
Let s(z) = z**3 + 9*z**2 + z - 18. Give s(-9).
-27
Let n(l) = 2*l + 45. Give n(-16).
13
Let x(k) = -k - 52. What is x(0)?
-52
Let m(t) = -t**3 + 10*t**2 - 9*t + 6. Determine m(9).
6
Let a(b) = 112*b - 5. What is 